{"id":339,"date":"2022-07-26T14:27:11","date_gmt":"2022-07-26T12:27:11","guid":{"rendered":"https:\/\/fondationmiotte.com\/?page_id=339"},"modified":"2022-08-23T11:03:07","modified_gmt":"2022-08-23T09:03:07","slug":"mentions-legales","status":"publish","type":"page","link":"https:\/\/fondationmiotte.com\/index.php\/mentions-legales\/","title":{"rendered":"Mentions l\u00e9gales"},"content":{"rendered":"<div class=\"wpb-content-wrapper\"><p>[vc_row css_animation=\u00a0\u00bb\u00a0\u00bb row_type=\u00a0\u00bbrow\u00a0\u00bb use_row_as_full_screen_section=\u00a0\u00bbno\u00a0\u00bb type=\u00a0\u00bbfull_width\u00a0\u00bb angled_section=\u00a0\u00bbno\u00a0\u00bb text_align=\u00a0\u00bbleft\u00a0\u00bb background_image_as_pattern=\u00a0\u00bbwithout_pattern\u00a0\u00bb][vc_column][vc_column_text]<\/p>\n<h1>Mentions l\u00e9gales et cr\u00e9dits<\/h1>\n<p>[\/vc_column_text][vc_separator type=\u00a0\u00bbsmall\u00a0\u00bb position=\u00a0\u00bbleft\u00a0\u00bb color=\u00a0\u00bb#000000&Prime; thickness=\u00a0\u00bb2&Prime; up=\u00a0\u00bb6&Prime;][vc_empty_space height=\u00a0\u00bb16px\u00a0\u00bb][\/vc_column][\/vc_row][vc_row css_animation=\u00a0\u00bb\u00a0\u00bb row_type=\u00a0\u00bbrow\u00a0\u00bb use_row_as_full_screen_section=\u00a0\u00bbno\u00a0\u00bb type=\u00a0\u00bbfull_width\u00a0\u00bb angled_section=\u00a0\u00bbno\u00a0\u00bb text_align=\u00a0\u00bbleft\u00a0\u00bb background_image_as_pattern=\u00a0\u00bbwithout_pattern\u00a0\u00bb][vc_column][vc_column_text]<strong>Ce site est \u00e9dit\u00e9 par\u00a0:<\/strong><br \/>\nFondation Jean Miotte<br \/>\nRue du Marteray 22<br \/>\n1752 VILLARS-SUR-GL\u00c2NE &#8211; SUISSE[\/vc_column_text][vc_empty_space height=\u00a0\u00bb8px\u00a0\u00bb][vc_column_text]Email\u00a0: contact@fondationmiotte.com<br \/>\nSite internet\u00a0: https:\/\/fondationmiotte.com\/[\/vc_column_text][vc_empty_space height=\u00a0\u00bb8px\u00a0\u00bb][vc_column_text]N\u00b0 IDE : CHE-110.293.927 (Registre du commerce du Canton de Fribourg)[\/vc_column_text][vc_empty_space height=\u00a0\u00bb8px\u00a0\u00bb][vc_column_text]Directeur de la publication\u00a0: FONDATION JEAN MIOTTE[\/vc_column_text][vc_empty_space height=\u00a0\u00bb16px\u00a0\u00bb][vc_column_text]<strong>H\u00e9bergement\u00a0:<\/strong><br \/>\nOVH SAS<br \/>\n2 rue Kellermann<br \/>\nBP 80157 &#8211; 59053 ROUBAIX CEDEX 1<br \/>\nFRANCE[\/vc_column_text][vc_empty_space height=\u00a0\u00bb16px\u00a0\u00bb][vc_column_text]<strong>Webdesign\u00a0:<\/strong><br \/>\nFondation Jean Miotte<br \/>\n[\/vc_column_text][vc_empty_space height=\u00a0\u00bb16px\u00a0\u00bb][vc_column_text]<strong>Propri\u00e9t\u00e9 intellectuelle :<\/strong><br \/>\nToutes les citations sont non contraignantes et sujettes \u00e0 changement.<br \/>\nLe fournisseur n\u2019assume aucune responsabilit\u00e9 quant \u00e0 l\u2019exactitude, l\u2019exhaustivit\u00e9 ou l\u2019actualit\u00e9 des informations fournies.\u00a0Le fournisseur n\u2019est pas responsable du contenu des sites externes accessibles par lien hypertexte.<br \/>\nLes photos, les graphiques, la mise en page et les textes sont soumis aux lois sur le droit d\u2019auteur et la propri\u00e9t\u00e9 intellectuelle.\u00a0Ils ne peuvent pas \u00eatre copi\u00e9s \u00e0 des fins commerciales ou de distribution, et ils ne peuvent pas \u00eatre modifi\u00e9s et publi\u00e9s sur d\u2019autres sites Web.\u00a0Certaines pages contiennent \u00e9galement des images prot\u00e9g\u00e9es par des tiers qui ont autoris\u00e9 leur utilisation dans cette instance.<br \/>\nLa r\u00e8glementation en mati\u00e8re de propri\u00e9t\u00e9 intellectuelle s\u2019applique.<br \/>\n[\/vc_column_text][vc_empty_space height=\u00a0\u00bb16px\u00a0\u00bb][vc_column_text]<strong>Droit d\u2019acc\u00e8s :<\/strong><br \/>\nToute personne ou utilisateur du site \u00e0 la possibilit\u00e9 d\u2019acc\u00e9der aux informations le concernant et de les rectifier s\u2019il le juge n\u00e9cessaire. Ce droit d\u2019acc\u00e8s s\u2019effectue en nous adressant une demande \u00e0 la Fondation Jean Miotte, (Rue du Marteray 22 &#8211; 1752 VILLARS-SUR-GL\u00c2NE \u2013 SUISSE) ou par le formulaire de contact.<br \/>\n[\/vc_column_text][vc_empty_space height=\u00a0\u00bb16px\u00a0\u00bb][vc_column_text]<strong>Liens :<\/strong><br \/>\nLe Site peut contenir des liens vers d\u2019autres sites. La Fondation Jean Miotte ne peut \u00eatre tenue pour responsable pour les probl\u00e8mes d\u2019acc\u00e8s ou de contenu de ces sites.[\/vc_column_text][\/vc_column][\/vc_row][vc_row css_animation=\u00a0\u00bb\u00a0\u00bb row_type=\u00a0\u00bbrow\u00a0\u00bb use_row_as_full_screen_section=\u00a0\u00bbno\u00a0\u00bb type=\u00a0\u00bbfull_width\u00a0\u00bb angled_section=\u00a0\u00bbno\u00a0\u00bb text_align=\u00a0\u00bbleft\u00a0\u00bb background_image_as_pattern=\u00a0\u00bbwithout_pattern\u00a0\u00bb][vc_column][vc_empty_space height=\u00a0\u00bb50px\u00a0\u00bb][vc_column_text]<\/p>\n<p class=\"breadcrumbs-style\"><span><span><a href=\"https:\/\/fondationmiotte.com\/\">Accueil<\/a><\/span><\/span><\/p>\n<p>[\/vc_column_text][vc_empty_space height=\u00a0\u00bb50px\u00a0\u00bb][\/vc_column][\/vc_row]<\/p>\n<\/div>","protected":false},"excerpt":{"rendered":"<p>[vc_row css_animation=\u00a0\u00bb\u00a0\u00bb row_type=\u00a0\u00bbrow\u00a0\u00bb use_row_as_full_screen_section=\u00a0\u00bbno\u00a0\u00bb type=\u00a0\u00bbfull_width\u00a0\u00bb angled_section=\u00a0\u00bbno\u00a0\u00bb text_align=\u00a0\u00bbleft\u00a0\u00bb background_image_as_pattern=\u00a0\u00bbwithout_pattern\u00a0\u00bb][vc_column][vc_column_text] Mentions l\u00e9gales et cr\u00e9dits [\/vc_column_text][vc_separator type=\u00a0\u00bbsmall\u00a0\u00bb position=\u00a0\u00bbleft\u00a0\u00bb color=\u00a0\u00bb#000000&Prime; thickness=\u00a0\u00bb2&Prime; up=\u00a0\u00bb6&Prime;][vc_empty_space height=\u00a0\u00bb16px\u00a0\u00bb][\/vc_column][\/vc_row][vc_row css_animation=\u00a0\u00bb\u00a0\u00bb row_type=\u00a0\u00bbrow\u00a0\u00bb use_row_as_full_screen_section=\u00a0\u00bbno\u00a0\u00bb type=\u00a0\u00bbfull_width\u00a0\u00bb angled_section=\u00a0\u00bbno\u00a0\u00bb text_align=\u00a0\u00bbleft\u00a0\u00bb background_image_as_pattern=\u00a0\u00bbwithout_pattern\u00a0\u00bb][vc_column][vc_column_text]Ce site est \u00e9dit\u00e9 par\u00a0: Fondation Jean Miotte Rue du Marteray 22 1752 VILLARS-SUR-GL\u00c2NE &#8211; SUISSE[\/vc_column_text][vc_empty_space height=\u00a0\u00bb8px\u00a0\u00bb][vc_column_text]Email\u00a0: contact@fondationmiotte.com Site internet\u00a0:&#8230;<\/p>\n","protected":false},"author":2,"featured_media":0,"parent":0,"menu_order":0,"comment_status":"closed","ping_status":"closed","template":"","meta":{"footnotes":""},"class_list":["post-339","page","type-page","status-publish","hentry"],"yoast_head":"<!-- This site is optimized with the Yoast SEO plugin v24.6 - https:\/\/yoast.com\/wordpress\/plugins\/seo\/ -->\n<title>Mentions L\u00e9gales - Fondation Jean Miotte<\/title>\n<meta name=\"description\" content=\"Retrouvez toutes les Mentions L\u00e9gales, les Cr\u00e9dits, le Contact du site internet de la Fondation Jean Miotte.\" \/>\n<meta name=\"robots\" content=\"index, follow, max-snippet:-1, max-image-preview:large, max-video-preview:-1\" \/>\n<link rel=\"canonical\" href=\"https:\/\/fondationmiotte.com\/index.php\/mentions-legales\/\" \/>\n<meta property=\"og:locale\" content=\"fr_FR\" \/>\n<meta property=\"og:type\" content=\"article\" \/>\n<meta property=\"og:title\" content=\"Mentions L\u00e9gales - Fondation Jean Miotte\" \/>\n<meta property=\"og:description\" content=\"Retrouvez toutes les Mentions L\u00e9gales, les Cr\u00e9dits, le Contact du site internet de la Fondation Jean Miotte.\" \/>\n<meta property=\"og:url\" content=\"https:\/\/fondationmiotte.com\/index.php\/mentions-legales\/\" \/>\n<meta property=\"og:site_name\" content=\"Fondation Jean Miotte\" \/>\n<meta property=\"article:modified_time\" content=\"2022-08-23T09:03:07+00:00\" \/>\n<meta name=\"twitter:card\" content=\"summary_large_image\" \/>\n<meta name=\"twitter:label1\" content=\"Dur\u00e9e de lecture estim\u00e9e\" \/>\n\t<meta name=\"twitter:data1\" content=\"2 minutes\" \/>\n<script type=\"application\/ld+json\" class=\"yoast-schema-graph\">{\"@context\":\"https:\/\/schema.org\",\"@graph\":[{\"@type\":\"WebPage\",\"@id\":\"https:\/\/fondationmiotte.com\/index.php\/mentions-legales\/\",\"url\":\"https:\/\/fondationmiotte.com\/index.php\/mentions-legales\/\",\"name\":\"Mentions L\u00e9gales - Fondation Jean Miotte\",\"isPartOf\":{\"@id\":\"https:\/\/fondationmiotte.com\/#website\"},\"datePublished\":\"2022-07-26T12:27:11+00:00\",\"dateModified\":\"2022-08-23T09:03:07+00:00\",\"description\":\"Retrouvez toutes les Mentions L\u00e9gales, les Cr\u00e9dits, le Contact du site internet de la Fondation Jean Miotte.\",\"breadcrumb\":{\"@id\":\"https:\/\/fondationmiotte.com\/index.php\/mentions-legales\/#breadcrumb\"},\"inLanguage\":\"fr-FR\",\"potentialAction\":[{\"@type\":\"ReadAction\",\"target\":[\"https:\/\/fondationmiotte.com\/index.php\/mentions-legales\/\"]}]},{\"@type\":\"BreadcrumbList\",\"@id\":\"https:\/\/fondationmiotte.com\/index.php\/mentions-legales\/#breadcrumb\",\"itemListElement\":[{\"@type\":\"ListItem\",\"position\":1,\"name\":\"Accueil\",\"item\":\"https:\/\/fondationmiotte.com\/\"},{\"@type\":\"ListItem\",\"position\":2,\"name\":\"Mentions l\u00e9gales\"}]},{\"@type\":\"WebSite\",\"@id\":\"https:\/\/fondationmiotte.com\/#website\",\"url\":\"https:\/\/fondationmiotte.com\/\",\"name\":\"Fondation Jean Miotte\",\"description\":\"Fondation Jean Miotte\",\"potentialAction\":[{\"@type\":\"SearchAction\",\"target\":{\"@type\":\"EntryPoint\",\"urlTemplate\":\"https:\/\/fondationmiotte.com\/?s={search_term_string}\"},\"query-input\":{\"@type\":\"PropertyValueSpecification\",\"valueRequired\":true,\"valueName\":\"search_term_string\"}}],\"inLanguage\":\"fr-FR\"}]}<\/script>\n<!-- \/ Yoast SEO plugin. -->","yoast_head_json":{"title":"Mentions L\u00e9gales - Fondation Jean Miotte","description":"Retrouvez toutes les Mentions L\u00e9gales, les Cr\u00e9dits, le Contact du site internet de la Fondation Jean Miotte.","robots":{"index":"index","follow":"follow","max-snippet":"max-snippet:-1","max-image-preview":"max-image-preview:large","max-video-preview":"max-video-preview:-1"},"canonical":"https:\/\/fondationmiotte.com\/index.php\/mentions-legales\/","og_locale":"fr_FR","og_type":"article","og_title":"Mentions L\u00e9gales - Fondation Jean Miotte","og_description":"Retrouvez toutes les Mentions L\u00e9gales, les Cr\u00e9dits, le Contact du site internet de la Fondation Jean Miotte.","og_url":"https:\/\/fondationmiotte.com\/index.php\/mentions-legales\/","og_site_name":"Fondation Jean Miotte","article_modified_time":"2022-08-23T09:03:07+00:00","twitter_card":"summary_large_image","twitter_misc":{"Dur\u00e9e de lecture estim\u00e9e":"2 minutes"},"schema":{"@context":"https:\/\/schema.org","@graph":[{"@type":"WebPage","@id":"https:\/\/fondationmiotte.com\/index.php\/mentions-legales\/","url":"https:\/\/fondationmiotte.com\/index.php\/mentions-legales\/","name":"Mentions L\u00e9gales - Fondation Jean Miotte","isPartOf":{"@id":"https:\/\/fondationmiotte.com\/#website"},"datePublished":"2022-07-26T12:27:11+00:00","dateModified":"2022-08-23T09:03:07+00:00","description":"Retrouvez toutes les Mentions L\u00e9gales, les Cr\u00e9dits, le Contact du site internet de la Fondation Jean Miotte.","breadcrumb":{"@id":"https:\/\/fondationmiotte.com\/index.php\/mentions-legales\/#breadcrumb"},"inLanguage":"fr-FR","potentialAction":[{"@type":"ReadAction","target":["https:\/\/fondationmiotte.com\/index.php\/mentions-legales\/"]}]},{"@type":"BreadcrumbList","@id":"https:\/\/fondationmiotte.com\/index.php\/mentions-legales\/#breadcrumb","itemListElement":[{"@type":"ListItem","position":1,"name":"Accueil","item":"https:\/\/fondationmiotte.com\/"},{"@type":"ListItem","position":2,"name":"Mentions l\u00e9gales"}]},{"@type":"WebSite","@id":"https:\/\/fondationmiotte.com\/#website","url":"https:\/\/fondationmiotte.com\/","name":"Fondation Jean Miotte","description":"Fondation Jean Miotte","potentialAction":[{"@type":"SearchAction","target":{"@type":"EntryPoint","urlTemplate":"https:\/\/fondationmiotte.com\/?s={search_term_string}"},"query-input":{"@type":"PropertyValueSpecification","valueRequired":true,"valueName":"search_term_string"}}],"inLanguage":"fr-FR"}]}},"_links":{"self":[{"href":"https:\/\/fondationmiotte.com\/index.php\/wp-json\/wp\/v2\/pages\/339","targetHints":{"allow":["GET"]}}],"collection":[{"href":"https:\/\/fondationmiotte.com\/index.php\/wp-json\/wp\/v2\/pages"}],"about":[{"href":"https:\/\/fondationmiotte.com\/index.php\/wp-json\/wp\/v2\/types\/page"}],"author":[{"embeddable":true,"href":"https:\/\/fondationmiotte.com\/index.php\/wp-json\/wp\/v2\/users\/2"}],"replies":[{"embeddable":true,"href":"https:\/\/fondationmiotte.com\/index.php\/wp-json\/wp\/v2\/comments?post=339"}],"version-history":[{"count":8,"href":"https:\/\/fondationmiotte.com\/index.php\/wp-json\/wp\/v2\/pages\/339\/revisions"}],"predecessor-version":[{"id":353,"href":"https:\/\/fondationmiotte.com\/index.php\/wp-json\/wp\/v2\/pages\/339\/revisions\/353"}],"wp:attachment":[{"href":"https:\/\/fondationmiotte.com\/index.php\/wp-json\/wp\/v2\/media?parent=339"}],"curies":[{"name":"wp","href":"https:\/\/api.w.org\/{rel}","templated":true}]}}

Mentions légales

<div class="wpb-content-wrapper"><p>[vc_row css_animation= » » row_type= »row » use_row_as_full_screen_section= »no » type= »full_width » angled_section= »no » text_align= »left » background_image_as_pattern= »without_pattern »][vc_column][vc_column_text]</p>
<h1>Mentions légales et crédits</h1>
<p>[/vc_column_text][vc_separator type= »small » position= »left » color= »#000000&Prime; thickness= »2&Prime; up= »6&Prime;][vc_empty_space height= »16px »][/vc_column][/vc_row][vc_row css_animation= » » row_type= »row » use_row_as_full_screen_section= »no » type= »full_width » angled_section= »no » text_align= »left » background_image_as_pattern= »without_pattern »][vc_column][vc_column_text]<strong>Ce site est édité par :</strong><br />
Fondation Jean Miotte<br />
Rue du Marteray 22<br />
1752 VILLARS-SUR-GLÂNE &#8211; SUISSE[/vc_column_text][vc_empty_space height= »8px »][vc_column_text]Email : contact@fondationmiotte.com<br />
Site internet : https://fondationmiotte.com/[/vc_column_text][vc_empty_space height= »8px »][vc_column_text]N° IDE : CHE-110.293.927 (Registre du commerce du Canton de Fribourg)[/vc_column_text][vc_empty_space height= »8px »][vc_column_text]Directeur de la publication : FONDATION JEAN MIOTTE[/vc_column_text][vc_empty_space height= »16px »][vc_column_text]<strong>Hébergement :</strong><br />
OVH SAS<br />
2 rue Kellermann<br />
BP 80157 &#8211; 59053 ROUBAIX CEDEX 1<br />
FRANCE[/vc_column_text][vc_empty_space height= »16px »][vc_column_text]<strong>Webdesign :</strong><br />
Fondation Jean Miotte<br />
[/vc_column_text][vc_empty_space height= »16px »][vc_column_text]<strong>Propriété intellectuelle :</strong><br />
Toutes les citations sont non contraignantes et sujettes à changement.<br />
Le fournisseur n’assume aucune responsabilité quant à l’exactitude, l’exhaustivité ou l’actualité des informations fournies. Le fournisseur n’est pas responsable du contenu des sites externes accessibles par lien hypertexte.<br />
Les photos, les graphiques, la mise en page et les textes sont soumis aux lois sur le droit d’auteur et la propriété intellectuelle. Ils ne peuvent pas être copiés à des fins commerciales ou de distribution, et ils ne peuvent pas être modifiés et publiés sur d’autres sites Web. Certaines pages contiennent également des images protégées par des tiers qui ont autorisé leur utilisation dans cette instance.<br />
La règlementation en matière de propriété intellectuelle s’applique.<br />
[/vc_column_text][vc_empty_space height= »16px »][vc_column_text]<strong>Droit d’accès :</strong><br />
Toute personne ou utilisateur du site à la possibilité d’accéder aux informations le concernant et de les rectifier s’il le juge nécessaire. Ce droit d’accès s’effectue en nous adressant une demande à la Fondation Jean Miotte, (Rue du Marteray 22 &#8211; 1752 VILLARS-SUR-GLÂNE – SUISSE) ou par le formulaire de contact.<br />
[/vc_column_text][vc_empty_space height= »16px »][vc_column_text]<strong>Liens :</strong><br />
Le Site peut contenir des liens vers d’autres sites. La Fondation Jean Miotte ne peut être tenue pour responsable pour les problèmes d’accès ou de contenu de ces sites.[/vc_column_text][/vc_column][/vc_row][vc_row css_animation= » » row_type= »row » use_row_as_full_screen_section= »no » type= »full_width » angled_section= »no » text_align= »left » background_image_as_pattern= »without_pattern »][vc_column][vc_empty_space height= »50px »][vc_column_text]</p>
<p class="breadcrumbs-style"><span><span><a href="https://fondationmiotte.com/">Accueil</a></span></span></p>
<p>[/vc_column_text][vc_empty_space height= »50px »][/vc_column][/vc_row]</p>
</div>

<p>[vc_row css_animation= » » row_type= »row » use_row_as_full_screen_section= »no » type= »full_width » angled_section= »no » text_align= »left » background_image_as_pattern= »without_pattern »][vc_column][vc_column_text] Mentions légales et crédits [/vc_column_text][vc_separator type= »small » position= »left » color= »#000000&Prime; thickness= »2&Prime; up= »6&Prime;][vc_empty_space height= »16px »][/vc_column][/vc_row][vc_row css_animation= » » row_type= »row » use_row_as_full_screen_section= »no » type= »full_width » angled_section= »no » text_align= »left » background_image_as_pattern= »without_pattern »][vc_column][vc_column_text]Ce site est édité par : Fondation Jean Miotte Rue du Marteray 22 1752 VILLARS-SUR-GLÂNE &#8211; SUISSE[/vc_column_text][vc_empty_space height= »8px »][vc_column_text]Email : contact@fondationmiotte.com Site internet :&#8230;</p>

<!-- This site is optimized with the Yoast SEO plugin v24.6 - https://yoast.com/wordpress/plugins/seo/ -->
<title>Mentions Légales - Fondation Jean Miotte</title>
<meta name="description" content="Retrouvez toutes les Mentions Légales, les Crédits, le Contact du site internet de la Fondation Jean Miotte." />
<meta name="robots" content="index, follow, max-snippet:-1, max-image-preview:large, max-video-preview:-1" />
<link rel="canonical" href="https://fondationmiotte.com/index.php/mentions-legales/" />
<meta property="og:locale" content="fr_FR" />
<meta property="og:type" content="article" />
<meta property="og:title" content="Mentions Légales - Fondation Jean Miotte" />
<meta property="og:description" content="Retrouvez toutes les Mentions Légales, les Crédits, le Contact du site internet de la Fondation Jean Miotte." />
<meta property="og:url" content="https://fondationmiotte.com/index.php/mentions-legales/" />
<meta property="og:site_name" content="Fondation Jean Miotte" />
<meta property="article:modified_time" content="2022-08-23T09:03:07+00:00" />
<meta name="twitter:card" content="summary_large_image" />
<meta name="twitter:label1" content="Durée de lecture estimée" />
	<meta name="twitter:data1" content="2 minutes" />
<script type="application/ld+json" class="yoast-schema-graph">{"@context":"https://schema.org","@graph":[{"@type":"WebPage","@id":"https://fondationmiotte.com/index.php/mentions-legales/","url":"https://fondationmiotte.com/index.php/mentions-legales/","name":"Mentions Légales - Fondation Jean Miotte","isPartOf":{"@id":"https://fondationmiotte.com/#website"},"datePublished":"2022-07-26T12:27:11+00:00","dateModified":"2022-08-23T09:03:07+00:00","description":"Retrouvez toutes les Mentions Légales, les Crédits, le Contact du site internet de la Fondation Jean Miotte.","breadcrumb":{"@id":"https://fondationmiotte.com/index.php/mentions-legales/#breadcrumb"},"inLanguage":"fr-FR","potentialAction":[{"@type":"ReadAction","target":["https://fondationmiotte.com/index.php/mentions-legales/"]}]},{"@type":"BreadcrumbList","@id":"https://fondationmiotte.com/index.php/mentions-legales/#breadcrumb","itemListElement":[{"@type":"ListItem","position":1,"name":"Accueil","item":"https://fondationmiotte.com/"},{"@type":"ListItem","position":2,"name":"Mentions légales"}]},{"@type":"WebSite","@id":"https://fondationmiotte.com/#website","url":"https://fondationmiotte.com/","name":"Fondation Jean Miotte","description":"Fondation Jean Miotte","potentialAction":[{"@type":"SearchAction","target":{"@type":"EntryPoint","urlTemplate":"https://fondationmiotte.com/?s={search_term_string}"},"query-input":{"@type":"PropertyValueSpecification","valueRequired":true,"valueName":"search_term_string"}}],"inLanguage":"fr-FR"}]}</script>
<!-- / Yoast SEO plugin. -->

Mentions Légales - Fondation Jean Miotte

Retrouvez toutes les Mentions Légales, les Crédits, le Contact du site internet de la Fondation Jean Miotte.
